 common divisor of o and w?
27
Let a = -5 - -3. Suppose 54*f = 50*f - 224. Let z be -20*(a + -1)*f/(-105). Calculate the greatest common divisor of z and 2.
2
Let v(x) = -x**3 + 5*x**2 + 10*x - 18. Let q be v(5). What is the highest common divisor of 4000 and q?
32
Let i = 384 + -126. Let y = i - 242. Calculate the greatest common divisor of y and 10.
2
Let o(i) = 5*i + 46. Let u be o(-8). Let w be (-1)/(-33)*3273 + u/(-33). Calculate the greatest common factor of 165 and w.
33
Let c = -4857 + 4874. Calculate the highest common divisor of c and 6001.
17
Suppose -22831 = 61*q - 81513. What is the greatest common factor of 74 and q?
74
Suppose 0 = 27*t + 3453 - 5343. Calculate the greatest common factor of 1246 and t.
14
Let h(x) = -x**3 - 4*x**2 - 3*x - 4. Suppose 0 = 7*y - 19 + 54. Let v be h(y). What is the greatest common divisor of 24 and v?
12
Let s be (-11)/((-495)/(-54))*-20. Let v be 7/4 - 1 - (-59255)/140. Calculate the greatest common factor of v and s.
8
Let u = -14643 - -15345. What is the greatest common factor of 81 and u?
27
Suppose -96*j + 47*j = -42042. What is the highest common divisor of j and 12?
6
Suppose -b = 3*n - 3, -17*b + 21*b - 6*n = 30. Calculate the highest common divisor of 699 and b.
3
Let r be (8/40 + 78/(-15))*-1. Suppose 0 = 4*t + r*h - 42 - 50, 4*h = -4*t + 88. Calculate the greatest common divisor of t and 42.
6
Suppose 0 = -3*v + 15, 148*v + 660 = s + 145*v. Calculate the greatest common divisor of 25 and s.
25
Let g be ((-13)/39)/((-1)/9). Suppose -g*z - l = -314 - 42, 92 = z - 5*l. Let q = -47 + z. Calculate the greatest common factor of 14 and q.
14
Suppose -15*h + 367210 + 32150 = 0. What is the highest common factor of h and 13?
13
Suppose 4*y - 600 = 4*z, -3*y - 9*z + 434 = -4*z. Let o = -138 + y. What is the highest common divisor of 20 and o?
10
Suppose 0 = 6*r - 11*r + 4*w + 2645, 0 = -r - 2*w + 515. What is the highest common divisor of 3975 and r?
75
Let v(q) = -q - 9. Let s be v(-9). Suppose 0 = 2*c - s - 8, c - 28 = -w. Calculate the highest common divisor of 24 and w.
24
Let h be (1098 - 2) + -1 + -3 + 0. Calculate the highest common divisor of h and 189.
21
Suppose 2*u - 16 = 3*h, 1 = -4*u - 3. Let c(b) = -5*b**3 + 8*b**2 + 15*b + 42. Let i be c(h). Calculate the greatest common factor of i and 22.
22
Let y be (42/35)/((-42)/45 + 1). Let v be (y/(-36))/((-2)/12). Suppose -8*j + 53 = -v. Calculate the greatest common factor of 70 and j.
7
Let w = -323 - -360. Suppose 34*z = w*z - 714. What is the greatest common divisor of 34 and z?
34
Let i(c) = 4*c + 65. Let g be i(-13). Let d be 13/(g/88) - -1 - 5. Calculate the highest common factor of d and 126.
42
Let t = 92 + -89. Let a(p) = p**t - 7*p + 18*p + 5*p + 7*p**2 - 7*p. Let b be a(-4). What is the highest common divisor of 30 and b?
6
Let w be (-3)/6 + 438/(-4). Let c = 158 + w. Let y = 161 + -153. Calculate the greatest common divisor of y and c.
8
Let f = 82608 + -82572. Suppose 0 = 5*r + 4*b - 495, 176 + 121 = 3*r - b. Calculate the highest common factor of f and r.
9
Let q(y) = -54*y - 63*y + 79*y - 274. Let g be q(-8). What is the highest common divisor of g and 150?
30
Let z be 7206/66 + 1 + 1*(-4)/22. What is the highest common factor of z and 165?
55
Let b(n) = -44*n + 2287. Let p be b(47). What is the greatest common factor of p and 1?
1
Let p(v) = -3*v**2 + 267*v + 4377. Let m be p(-14). Suppose -7 = -2*x - 3. Calculate the highest common factor of x and m.
1
Let d be (2/(-1))/((-284)/104796). What is the highest common factor of 328 and d?
82
Let t(l) = l**3 - l**2 + 6*l - 587. Let k be t(0). Let n = k - -947. What is the highest common divisor of n and 216?
72
Suppose -4*v - 3*f + 8 = -f, 2*v - 5*f = 28. Suppose -v*a - 432 = -52. Let t = 101 + a. Calculate the highest common divisor of t and 102.
6
Suppose 5*y + v = -1 - 28, 4*v = -16. Let g(s) = 4*s**2 + 7*s - 11. Let c be g(y). Calculate the greatest common divisor of c and 18.
18
Suppose 2*b + 8*h - 7*h = 598, 5*h - 2093 = -7*b. Let r be (-3 + 2)/(1/(-26)). What is the highest common factor of b and r?
13
Let b be 8 - (4 + -4 + 2)*-524. What is the greatest common divisor of b and 330?
66
Let m be 485*(48/30 - 0). Suppose -456 = 4*t - m. Calculate the greatest common factor of 180 and t.
20
Suppose -121*g + 125*g = w + 120, 4*g - 120 = -3*w. What is the highest common factor of 5730 and g?
30
Suppose 6*x - 9 = 3. Suppose -4*s = 2*g - 582, 4*s - 594 = -x*g + 4*g. Suppose q - s + 14 = 0. What is the highest common factor of q and 19?
19
Suppose 10*z - 5*z + w - 1923 = 0, 4*z = w + 1542. What is the greatest common factor of 70 and z?
35
Suppose 0 = -5*h - 3*m + 3997, -3*m + 4 - 7 = 0. Calculate the greatest common divisor of 24 and h.
8
Suppose -t - 2*v + 3 = 0, 3*t + t - 4*v = 48. Let h be (-2)/(2/(-3)) + t. Let a be (6*-1 + 0)*(-544)/204. Calculate the greatest common factor of a and h.
4
Suppose 147*h - 142*h = 3*r + 934, 2*h = -5*r + 324. What is the greatest common divisor of h and 3302?
26
Let n(j) = -j**3 - 8*j**2 + 38*j + 66. Let f be n(-11). Suppose 1 + 21 = 2*d. Calculate the highest common divisor of d and f.
11
Suppose 159*g - 124004 = 1931071. What is the greatest common factor of 188 and g?
47
Let y = 2588 - 2576. What is the greatest common divisor of y and 7596?
12
Suppose 524 + 64 = 16*y - 12*y. What is the greatest common factor of y and 175?
7
Let k = 569 + -240. Let o = k - 273. Calculate the highest common divisor of o and 28.
28
Let g be 2/(-7) - ((-1008)/49)/9. Suppose -21 = -3*i - 2*c, c - 7 = -g*i + 2*c. Calculate the greatest common factor of 20 and i.
5
Let t = -43618 + 43700. What is the highest common factor of t and 28126?
82
Let x = 4 + -2. Suppose 4 = x*r - 16. Let p = -38183 + 38198. What is the highest common divisor of r and p?
5
Suppose -3*p = -2*m + 416, 0*p = -4*p. Suppose -m = -24*q + 16*q. What is the greatest common factor of q and 715?
13
Let n be (-8)/(-4)*3/(-12)*-1526. Calculate the greatest common divisor of n and 872.
109
Suppose 6 = -3*h + 6*h. Suppose -2*o + u - 32 = -4*o, h*o - 12 = 4*u. Let j be (-4)/(-10) - (-2 - (-232)/(-20)). Calculate the highest common factor of j and o.
14
Let u = 18 - 14. Let w = u - 4. Suppose w = 5*h - 45 + 15. What is the highest common divisor of 9 and h?
3
Let d(w) = -15*w**3 - 59*w**2 - 547*w - 6. Let q be d(-11). What is the highest common divisor of 69 and q?
69
Suppose 2*v + 4601 = 5*w, 4*w + 51*v - 53*v = 3684. Calculate the highest common divisor of w and 4192.
131
Suppose -13*k + 97 - 45 = 0. What is the highest common divisor of k and 1700?
4
Suppose 17388 = 6*v + 17*v. Suppose -572*p + 574*p = v. What is the highest common factor of 54 and p?
54
Let f = 24 + 148. Suppose -7*y - 92 = -8*y + 2*l, -2*y + f = -l. Calculate the greatest common factor of 48 and y.
12
Suppose 4*f - 4*g = 44, 3*f + 3*g - 33 = 24. Let j be (36/f)/(24/280). Calculate the greatest common divisor of 42 and j.
14
Let f(s) = s**2 - 2*s + 5. Let v be f(5). Let n = -233 - -209. Let p be n/(-204) - (-508)/17. Calculate the highest common factor of p and v.
10
Let v be 1 + 38*(-1)/(-2). Let s = -277500 + 277580. What is the greatest common factor of v and s?
20
Let a(b) = 5*b**3 + b - 1. Suppose -4*s + 25 = s + 5*m, -8 = 4*s - 3*m. Let i be a(s). Let l be -2*(-25)/10*11. What is the highest common divisor of l and i?
5
Let l = -287 + 324. Let x = 660 + l. Calculate the highest common factor of x and 17.
17
Let g = 1474 - -7445. Calculate the highest common factor of 18 and g.
9
Suppose 244318 = 33*o - 182834. Calculate the greatest common factor of o and 16.
16
Let h(d) = 75 - 2*d - 82 + 3*d + 0*d. Let k be h(11). Let c be ((-2)/3)/((-3)/18). What is the greatest common divisor of k and c?
4
Suppose 35 = -4*w + 51. Suppose 3*c - 80 = -w*q, -3*q + 18 = 2*c - 35. Calculate the highest common divisor of c and 84.
28
Suppose 0 = -g - 1, 2*d - 2*g - 3*g = 401. Suppose 3*w = -147 + d. What is the greatest common factor of 153 and w?
17
Let j(q) = 23*q - 40 + 613*q**2 + 372*q**2 - 986*q**2. Let x be (0 + 12)*(-8)/(-6). Let m be j(x). What is the highest common factor of 180 and m?
36
Suppose r + 15 = 50. Let i be 25/2*((-63)/r - -3). Let p be ((-1)/((-12)/585))/(3/12). Calculate the greatest common divisor of p and i.
15
Let i =